(-53).
12
Let n(u) = -15*u**3 - 44*u**2 + 49*u + 1. Give n(-4).
61
Let h(y) = y**3 - 322*y**2 - 20342*y + 14284. Calculate h(376).
-4
Let y(x) = 130851*x - 12300008. Give y(94).
-14
Let c(v) = 89*v + 1836. Determine c(-22).
-122
Let v(r) = r**3 + 74*r**2 - 285*r - 10319. Calculate v(-76).
-211
Let z(p) = -5*p**2 - 1960*p - 32983. Determine z(-17).
-1108
Let h(i) = i**3 + 51*i**2 + 13*i - 559. Determine h(-50).
1291
Let a(k) = k**3 - 90*k**2 + 891*k - 1194. What is a(79)?
544
Let k(t) = -163*t + 9558. Give k(63).
-711
Let y(k) = -2575*k + 306861. What is y(119)?
436
Let j(l) = -30*l**3 - 66*l**2 - 57*l + 6. What is j(-1)?
27
Let q(h) = 76*h - 1222. Give q(52).
2730
Let i(t) = 2*t**3 + 26*t**2 - 119*t - 30. Calculate i(4).
38
Let i(b) = -48775*b + 243121. Determine i(5).
-754
Let x(d) = 53*d**3 - 12*d**2 - 5*d + 8. Give x(-1).
-52
Let s(k) = k**3 - 277*k**2 - 242*k - 9954. Calculate s(278).
54
Let q(v) = 3*v**3 + 24*v**2 + 97*v + 10. Give q(-4).
-186
Let q(x) = 6*x**3 - 58*x**2 + 99*x - 96. Calculate q(7).
-187
Let q(d) = 2*d**2 - 126*d + 1803. Calculate q(38).
-97
Let c(r) = -1075*r - 21505. Determine c(-20).
-5
Let a(m) = -m**2 + 18963*m + 341669. What is a(-18)?
11
Let i(x) = 14729*x - 265003. Calculate i(18).
119
Let d(p) = -p**2 + 300*p - 71. Give d(298).
525
Let b(t) = -6*t**3 + 65*t**2 - 78*t + 8. Determine b(11).
-971
Let g(d) = 38*d**2 - 74*d - 280. Give g(4).
32
Let d(t) = 3*t**2 + 199*t - 131. Determine d(-65).
-391
Let u(b) = b**3 + 25*b**2 + 57*b - 104. Determine u(-23).
-357
Let x(r) = -2*r**3 + 566*r**2 - 7011*r - 2434. What is x(270)?
-4
Let w(v) = v**3 + 82*v**2 + 592*v - 15. What is w(-74)?
-15
Let x(o) = 648*o + 23644. Determine x(-36).
316
Let h(m) = -800*m - 181501. What is h(-227)?
99
Let b(p) = 12*p**2 - 1088*p - 2173. Calculate b(-2).
51
Let m(s) = -9*s**2 - 1727*s - 11935. What is m(-7)?
-287
Let t(n) = -n**3 + 4*n**2 + 19*n + 1. Calculate t(5).
71
Let u(c) = 34*c**3 + 568*c**2 - 233*c - 1080. Calculate u(-17).
-9
Let z(x) = x**3 + 26*x**2 + 2*x + 103. Determine z(0).
103
Let w(y) = -y**3 + 116*y**2 - 3*y + 371. Determine w(116).
23
Let i(k) = -k**3 + 98*k**2 + 181*k + 552. Determine i(100).
-1348
Let m(b) = -1740*b + 122085. Calculate m(70).
285
Let j(p) = -p**3 - 861*p**2 + 949*p + 74967. What is j(-862)?
-27
Let n(h) = h**3 + 20*h**2 - 218*h - 18. What is n(8)?
30
Let i(o) = -589*o - 15365. Calculate i(-26).
-51
Let d(y) = 9*y**2 + 139*y - 14393. Give d(33).
-5
Let b(u) = u**3 - 15*u**2 + 211*u - 3773. Calculate b(17).
392
Let k(a) = -3*a**3 + 68*a**2 - 368*a + 71. Determine k(13).
188
Let n(h) = 1929*h - 9531. Calculate n(5).
114
Let h(i) = -2*i**2 - 1643*i + 566419. What is h(-1083)?
10
Let x(k) = 25783*k - 103139. What is x(4)?
-7
Let d(q) = -q**3 - 4*q**2 - 1223*q - 4949. Calculate d(-4).
-57
Let h(j) = 2731*j + 28835. Determine h(-10).
1525
Let a(q) = -267*q - 13379. Calculate a(-50).
-29
Let n(r) = -34475*r - 448224. Calculate n(-13).
-49
Let r(k) = 5096*k + 922343. Give r(-181).
-33
Let g(i) = 697*i + 8703. Calculate g(-14).
-1055
Let r(u) = -2*u**2 - 223*u - 5305. Give r(-46).
721
Let r(f) = -48*f**3 + 1378*f**2 + 408*f + 81. Calculate r(29).
139
Let q(l) = 416*l + 13708. What is q(-33)?
-20
Let x(w) = 32*w**2 - 1691*w - 368. Calculate x(53).
-103
Let y(w) = -16*w**2 - 758*w + 196. Give y(-45).
1906
Let o(n) = -537*n + 23157. Give o(43).
66
Let c(a) = -2*a**2 + 910585*a + 20033834. Determine c(-22).
-4
Let p(i) = -82758*i - 1489633. Determine p(-18).
11
Let y(d) = 95*d - 1056. Determine y(12).
84
Let o(d) = d**3 + 5*d**2 - 1163*d - 6048. Determine o(-34).
-30
Let y(w) = 52319*w + 3766959. Determine y(-72).
-9
Let t(i) = -30651*i - 367820. Calculate t(-12).
-8
Let n(x) = -12444*x - 298541. What is n(-24)?
115
Let v(y) = -24*y**2 + 3163*y - 6338. Determine v(2).
-108
Let r(l) = -1119249*l + 3357760. Determine r(3).
13
Let p(m) = -12621*m + 504911. Determine p(40).
71
Let u(a) = -4*a**3 - 815*a**2 - 554*a + 11093. What is u(-203)?
-72
Let d(t) = -3446*t - 3391. Determine d(-1).
55
Let g(c) = 298008*c + 1192039. What is g(-4)?
7
Let t(z) = -453738*z - 1. What is t(0)?
-1
Let t(p) = -2039*p - 22389. Give t(-11).
40
Let f(n) = 301*n + 17993. Give f(-59).
234
Let q(z) = z**3 + 28*z**2 - 216*z + 19. Give q(9).
1072
Let f(s) = -6198*s - 260331. What is f(-42)?
-15
Let x(a) = a**3 - 245*a**2 - 2800*a - 4182. Determine x(256).
-86
Let k(w) = 86734*w + 520311. Give k(-6).
-93
Let g(m) = -85*m + 10899. Determine g(133).
-406
Let q(p) = -287*p + 17578. What is q(61)?
71
Let v(j) = -4470*j - 4645. Determine v(-1).
-175
Let n(h) = 392934*h - 3143479. What is n(8)?
-7
Let k(l) = l**3 - 10*l**2 + 59*l - 335. Give k(8).
9
Let n(d) = -61073*d + 305683. What is n(5)?
318
Let l(h) = -h**3 + 93*h**2 - 1362*h + 927. Determine l(75).
27
Let n(j) = -34*j**2 - 569*j + 1477. What is n(-19)?
14
Let w(r) = -r**3 - 108*r**2 - 107*r - 269. Determine w(-107).
-269
Let d(p) = -p**2 + 8020*p - 650973. Determine d(82).
-57
Let n(p) = -9*p**2 - 1882*p + 7536. What is n(-213)?
81
Let r(s) = 3934*s + 3828. What is r(-1)?
-106
Let p(l) = -212*l - 31492. What is p(-131)?
-3720
Let k(n) = -n**3 - 259*n**2 + 694*n - 22350. Determine k(-262).
1754
Let j(b) = -11*b**2 + 260*b + 3270. What is j(-9)?
39
Let m(v) = 6*v**2 + 9984*v + 605175. What is m(-1601)?
-3
Let c(r) = -r**3 + 337*r**2 + 9811*r + 6179. Determine c(364).
-9
Let z(q) = 2*q**3 + 28*q**2 + 26*q - 7. Give z(-13).
-7
Let m(l) = 400*l**2 + 83*l - 83. Calculate m(1).
400
Let p(f) = -28*f**2 + 350*f + 4353. Determine p(-9).
-1065
Let v(k) = -k**3 - 11923*k**2 - 2597622*k + 2. Give v(-222).
2
Let p(y) = 2*y**3 + 48*y**2 + 143*y + 20. What is p(-4)?
88
Let b(c) = -69894*c - 1118307. Give b(-16).
-3
Let a(i) = -i**3 + 28*i**2 + 23*i - 2882. Determine a(24).
-26
Let g(u) = -4*u**3 - 14*u**2 + 32616*u + 97857. Calculate g(-3).
-9
Let a(c) = 9032*c + 397418. Give a(-44).
10
Let k(s) = 5*s**2 + 246*s - 3441. Calculate k(13).
602
Let j(m) = -61496*m - 675932. Give j(-11).
524
Let r(p) = 3*p**2 - 225*p - 1140. Give r(-5).
60
Let g(t) = 7*t**2 + 258*t + 1162. Determine g(-4).
242
Let o(m) = -2725*m - 141517. Determine o(-52).
183
Let u(q) = 2*q**3 + 467*q**2 - 15520*q - 911. Calculate u(-263).
-122
Let n(g) = 130459*g - 1956891. Give n(15).
-6
Let j(x) = -x**2 + 1534*x + 197025. Calculate j(-119).
318
Let o(y) = 33*y**3 - 8415*y**2 + 22*y - 5592. Calculate o(255).
18
Let p(t) = 5*t**3 + 5*t**2 + 8*t + 9. Give p(-5).
-531
Let z(n) = -119*n - 1005. Determine z(-12).
423
Let x(g) = 3813*g - 503312. What is x(132)?
4
Let t(p) = p**3 + 176*p**2 + 1857*p + 6925. What is t(-165)?
-5
Let y(v) = 182*v - 43712. Determine y(241).
150
Let r(k) = -84*k + 2196. Give r(21).
432
Let b(x) = -x**3 - 227*x**2 - 1624*x + 28334. What is b(-219)?
302
Let g(o) = 3*o**2 + 5329*o + 1208977. Determine g(-267).
1
Let b(i) = -i**3 + 906*i**2 - 10725*i - 27. Determine b(12).
9
Let c(y) = 13905*y + 166894. Determine c(-12).
34
Let d(c) = c**3 + 76*c**2 - 169*c + 5522. Calculate d(-79).
150
Let f(m) = 16*m**2 + 196*m + 914. What is f(-5)?
334
Let u(m) = -m**3 - 74*m**2 + 980*m - 13145. What is u(-87)?
-8
Let z(k) = 7*k**2 + 121190*k - 848679. What is z(7)?
-6
Let o(j) = -318*j - 53005. Determine o(-165).
-535
Let g(h) = -h**3 + 5*h**2 - 876*h + 2630. Determine g(3).
20
Let g(w) = -9415*w + 433047. Calculate g(46).
-43
Let u(f) = 68*f + 4007. Determine u(-15).
2987
Let r(n) = 2*n**3 + 184*n**2 - 162817*n + 1707. Give r(243).
6
Let f(v) = -2901*v + 475766. Calculate f(164).
2
Let w(h) = -31*h**3 + 4*h**2 - 35*h - 302. Determine w(-5).
3848
Let h(k) = 47*k**3 - 83*k**2 + 26*k - 104. What is h(2)?
-8
Let h(c) = 4*c**2 + 717*c + 10491. What is h(-16)?
43
Let o(y) = -261*y - 507. Determine o(-4).
537
Let t(o) = -13*o**3 - 2201*o**2 - 627*o + 8300. Calculate t(-169).
19
Let y(l) = 7*l**2 + 377*l + 3665. Calculate y(-40).
-215
Let v(d) = d**3 - 308*d**2 - 287*d - 5446. Calculate v(309).
1352
Let q(g) = 15*g**2 + 13*g - 108. Calculate q(-9).
990
Let c(z) = 2530*z**2 - 96144*z + 144. Determine c(38).
-8
Let z(w) = -2*w**2 - 161*w + 14426. Determine z(60).
-2434
Let g(y) = -2*y**3 + 2663*y**2 - 70425*y - 484. Give g(27).
2
Let r(l) = 6058*l - 169616. Give r(28).
8
Let j(u) = u**2 + 1012*u - 27797. Determine j(27).
256
Let n(u) = -2*u**2 - 313